{"id":1136,"date":"2024-07-05T15:53:17","date_gmt":"2024-07-05T19:53:17","guid":{"rendered":"https:\/\/lancer.cl\/2022\/?post_type=product&#038;p=1136"},"modified":"2024-08-26T11:24:11","modified_gmt":"2024-08-26T15:24:11","slug":"04htv-03r-rollo-brilla-en-la-oscuridad","status":"publish","type":"product","link":"https:\/\/lancer.cl\/lancer\/catalogo\/04htv-03r-rollo-brilla-en-la-oscuridad\/","title":{"rendered":"04HTV-03R ROLLO BRILLA EN LA OSCURIDAD"},"content":{"rendered":"<p>\u00a1Haz que tus creaciones brillen incluso en la oscuridad con el ROLLO BRILLA EN LA OSCURIDAD 04HTV-03R! Este vinilo termotransferible de 50 cm de ancho y 10 metros de largo est\u00e1 dise\u00f1ado para captar la luz y emitir un resplandor espectacular cuando la iluminaci\u00f3n se desvanece. Perfecto para dise\u00f1os que necesitan destacar en ambientes de baja luminosidad, como ropa de seguridad, decoraciones nocturnas o proyectos creativos. Su innovadora tecnolog\u00eda asegura una carga r\u00e1pida de luz y un resplandor duradero. Con el 04HTV-03R, tus proyectos no solo se ver\u00e1n bien en el d\u00eda, \u00a1sino que tambi\u00e9n deslumbrar\u00e1n en la oscuridad!<\/p>\n","protected":false},"excerpt":{"rendered":"<p>Caracter\u00edsticas:<\/p>\n<ul>\n<li>Vinilo Termotransferible<\/li>\n<li>BRILLA EN LA OSCURIDAD<\/li>\n<li>50cm x 10m<\/li>\n<\/ul>\n","protected":false},"featured_media":4310,"comment_status":"open","ping_status":"closed","template":"","meta":{"_monsterinsights_skip_tracking":false,"_monsterinsights_sitenote_active":false,"_monsterinsights_sitenote_note":"","_monsterinsights_sitenote_category":0},"product_brand":[],"product_cat":[178,177],"product_tag":[],"class_list":{"0":"post-1136","1":"product","2":"type-product","3":"status-publish","4":"has-post-thumbnail","6":"product_cat-termo-transferible","7":"product_cat-vinilos","9":"first","10":"instock","11":"taxable","12":"shipping-taxable","13":"product-type-simple"},"aioseo_notices":[],"tiered_pricing_type":"fixed","tiered_pricing_fixed_rules":[],"tiered_pricing_product_settings":{"layout":"default","base_unit_name":{"singular":null,"plural":null},"default_variation":null},"tiered_pricing_minimum_quantity":null,"tiered_pricing_roles_data":[],"tiered_pricing_percentage_rules":[],"_links":{"self":[{"href":"https:\/\/lancer.cl\/lancer\/wp-json\/wp\/v2\/product\/1136","targetHints":{"allow":["GET"]}}],"collection":[{"href":"https:\/\/lancer.cl\/lancer\/wp-json\/wp\/v2\/product"}],"about":[{"href":"https:\/\/lancer.cl\/lancer\/wp-json\/wp\/v2\/types\/product"}],"replies":[{"embeddable":true,"href":"https:\/\/lancer.cl\/lancer\/wp-json\/wp\/v2\/comments?post=1136"}],"wp:featuredmedia":[{"embeddable":true,"href":"https:\/\/lancer.cl\/lancer\/wp-json\/wp\/v2\/media\/4310"}],"wp:attachment":[{"href":"https:\/\/lancer.cl\/lancer\/wp-json\/wp\/v2\/media?parent=1136"}],"wp:term":[{"taxonomy":"product_brand","embeddable":true,"href":"https:\/\/lancer.cl\/lancer\/wp-json\/wp\/v2\/product_brand?post=1136"},{"taxonomy":"product_cat","embeddable":true,"href":"https:\/\/lancer.cl\/lancer\/wp-json\/wp\/v2\/product_cat?post=1136"},{"taxonomy":"product_tag","embeddable":true,"href":"https:\/\/lancer.cl\/lancer\/wp-json\/wp\/v2\/product_tag?post=1136"}],"curies":[{"name":"wp","href":"https:\/\/api.w.org\/{rel}","templated":true}]}}